?
-1746
8002 (base 13) to base 3
220010001
Convert -600 (base 8) to base 9.
-466
What is 2217 (base 8) in base 13?
6ba
Convert -25163 (base 9) to base 14.
-6237
-100101010001 (base 2) to base 6
-15013
What is -10320 (base 5) in base 6?
-3142
Convert 55312 (base 9) to base 2.
1000111101100000
What is 942 (base 13) in base 15?
700
23a8 (base 12) to base 9
5452
What is -33220 (base 5) in base 11?
-1810
-3041 (base 9) to base 6
-14144
Convert -2101002 (base 3) to base 6.
-12002
-23123 (base 10) to base 8
-55123
772 (base 8) to base 11
420
-1210 (base 5) to base 6
-500
11544 (base 7) to base 9
4126
What is -dfa (base 16) in base 2?
-110111111010
Convert -4749 (base 13) to base 11.
-75a0
13606 (base 12) to base 9
40666
11020011 (base 3) to base 8
6012
What is 2245 (base 6) in base 2?
1000010101
Convert 3561 (base 7) to base 11.
a98
Convert 322043 (base 5) to base 8.
25222
2104 (base 5) to base 11
234
-4400 (base 10) to base 4
-1010300
What is -b281 (base 12) in base 14?
-70d3
What is 3020311 (base 4) in base 9?
18561
10332 (base 6) to base 5
21144
Convert -1110011001 (base 2) to base 11.
-768
What is 1403 (base 16) in base 3?
21000202
Convert 277d (base 16) to base 10.
10109
What is -862 (base 13) in base 4?
-112120
1666 (base 10) to base 15
761
2c35 (base 13) to base 16
1942
What is -1332130 (base 4) in base 10?
-8092
Convert -2002121111 (base 3) to base 2.
-1010000100110101
What is -48057 (base 9) in base 15?
-97bd
1021221102 (base 3) to base 8
61600
-5813 (base 9) to base 11
-3264
What is -159a (base 14) in base 7?
-14153
Convert -4ccb (base 15) to base 6.
-203515
What is 300030 (base 4) in base 14?
11a4
-3234 (base 5) to base 9
-543
What is -10000101111 (base 2) in base 5?
-13241
What is -6bc9 (base 14) in base 2?
-100100101101101
1221200222 (base 3) to base 4
21120110
Convert 423204 (base 5) to base 14.
524b
-4a6 (base 15) to base 11
-880
1153 (base 7) to base 4
12232
-13a21 (base 12) to base 5
-1334020
Convert -2ba (base 12) to base 4.
-12232
Convert -dbe (base 16) to base 13.
-17a8
-320110 (base 4) to base 6
-24404
1054 (base 6) to base 8
372
-18725 (base 11) to base 16
-6633
-ac2 (base 14) to base 4
-201102
What is 9846 (base 14) in base 7?
136516
Convert 30310001 (base 4) to base 15.
1083b
What is 2778 (base 11) in base 14?
144a
Convert 14432 (base 9) to base 11.
7427
Convert 4133 (base 8) to base 9.
2836
-1000100101001000 (base 2) to base 15
-a62e
-22210022 (base 3) to base 4
-1210013
Convert 588 (base 12) to base 10.
824
Convert 121b (base 12) to base 16.
7f7
What is 10a3 (base 12) in base 5?
24401
Convert -13134 (base 7) to base 10.
-3504
What is -100000101101000 (base 2) in base 11?
-11642
Convert 130756 (base 9) to base 12.
39b06
What is -700 (base 8) in base 6?
-2024
Convert 112000 (base 3) to base 4.
11322
-7551 (base 11) to base 7
-41043
-2099 (base 10) to base 12
-126b
-49d (base 16) to base 11
-984
What is -1255 (base 13) in base 14?
-d41
What is 46d (base 14) in base 6?
4025
-218 (base 14) to base 12
-2a6
31052 (base 6) to base 7
15026
What is 1211211220 (base 3) in base 11?
25336
What is -1e2 (base 16) in base 4?
-13202
What is -370 (base 16) in base 2?
-1101110000
Convert -3a3 (base 16) to base 9.
-1244
Convert -3312 (base 5) to base 8.
-711
Convert 74551 (base 8) to base 5.
1443311
What is 2101111 (base 3) in base 7?
5035
Convert -693 (base 13) to base 3.
-1120000
Convert 142356 (base 7) to base 6.
330153
What is -7314 (base 8) in base 3?
-12012022
-20412 (base 6) to base 3
-10202122
100242 (base 5) to base 13
15bc
Convert 102001 (base 3) to base 11.
251
Convert 1711 (base 12) to base 7.
11005
aa (base 11) to base 14
88
1010000 (base 2) to base 11
73
5bb (base 13) to base 7
2625
3212021 (base 4) to base 5
432404
What is 57c9 (base 14) in base 3?
202221112
-112220 (base 3) to base 12
-296
Convert -2344 (base 9) to base 16.
-6cd
-11001100101110 (base 2) to base 16
-332e
What is 60 (base 11) in base 15?
46
Convert -634 (base 11) to base 16.
-2fb
What is -95 (base 12) in base 5?
-423
4325 (base 10) to base 2
1000011100101
Convert -3211114 (base 5) to base 8.
-151225
Convert 3242 (base 5) to base 9.
546
21a9 (base 13) to base 16
125e
Convert 1111000001001 (base 2) to base 7.
31263
Convert 47d (base 14) to base 6.
4051
1875 (base 12) to base 10
2969
37867 (base 9) to base 3
1021222021
1010012202 (base 3) to base 4
11120021
1001111011 (base 2) to base 10
635
e49 (base 15) to base 4
302103
What is -162226 (base 7) in base 6?
-404121
Convert -1097 (base 13) to base 7.
-6524
Convert -452b (base 13) to base 3.
-111021011
Convert -223 (base 12) to base 15.
-160
Convert -10011010 (base 2) to base 12.
-10a
Convert -1103 (base 4) to base 11.
-76
20102 (base 3) to base 8
255
What is 20112 (base 3) in base 10?
176
What is -16530 (base 7) in base 6?
-33513
What is -4649 (base 12) in base 13?
-3747
What is -5533 (base 10) in base 13?
-2698
What is -21233121 (base 4) in base 3?
-2000201200
3013 (base 9) to base 7
6261
Convert 8550 (base 9) to base 12.
3776
Convert -130141 (base 5) to base 7.
-20466
-1840 (base 14) to base 13
-1cb0
What is 1101020 (base 3) in base 4?
33231
What is 101110101101 (base 2) in base 6?
21501
Convert 2115 (base 12) to base 13.
1853
Convert -968 (base 11) to base 8.
-2213
Convert -300012 (base 4) to base 7.
-11655
Convert -243240 (base 5) to base 13.
-4254
-4b6 (base 12) to base 13
-42c
9af (base 16) to base 5
34404
-9a (base 14) to base 10
-136
What is -15010 (base 7) in base 6?
-31031
What is 321505 (base 6) in base 7?
136511
981 (base 11) to base 8
2232
What is 2213 (base 4) in base 6?
435
Convert 13558 (base 9) to base 4.
2033312
319 (base 13) to base 5
4104
What is -34104 (base 5) in base 14?
-c3a
What is 3104242 (base 5) in base 11?
34aa5
Convert -1515 (base 11) to base 14.
-9d6
Convert b964 (base 13) to base 12.
12ab6
Convert -16454 (base 7) to base 15.
-15ce
What is -33441 (base 6) in base 3?
-20110021
Convert -18a (base 14) to base 7.
-633
Convert 2422 (base 5) to base 16.
16a
Convert bb2 (base 16) to base 9.
4086
What is 24 (base 7) in base 11?
17
Convert 3570 (base 13) to base 9.
11283
Convert 110315 (base 6) to base 12.
539b
What is -6577 (base 9) in base 16?
-12f1
What is -912 (base 12) in base 16?
-51e
Convert 244401 (base 5) to base 3.
110211100
-4314 (base 10) to base 13
-1c6b
What is 1310 (base 8) in base 2?
1011001000
Convert -30232 (base 4) to base 13.
-4a8
Convert 113 (base 16) to base 9.
335
What is 1440 (base 6) in base 10?
384
-1521 (base 8) to base 3
-1011110
-100110202 (base 3) to base 16
-1af9
Convert 100000 (base 2) to base 10.
32
10001011 (base 2) to base 15
94
What is -31040 (base 6) in base 16?
-1020
What is 13122113 (base 4) in base 10?
30359
-33004 (base 5) to base 3
-10002111
What is 318 (base 11) in base 2?
101111110
What is 361 (base 8) in base 15?
111
What is 111011 (base 2) in base 11?
54
Convert -20102222 (base 4) to base 15.
-a0e2
34d (base 16) to base 10
845
Convert -131 (base 6) to base 13.
-43
3212333 (base 4) to base 8
34677
-100001010101 (base 2) to base 13
-c81
204d (base 14) to base 13
26b6
671 (base 10) to base 16
29f
What is -20111 (base 4) in base 2?
-1000010101
-202202 (base 4) to base 15
-9c5
What is b0 (base 15) in base 9?
203
Convert -4b9 (base 13) to base 2.
-1100111100
Convert -30 (base 10) to base 14.
-22
What is 1420443 (base 5) in base 12?
150a2
Convert 23b (base 12) to base 4.
11033
What is -ab3 (base 13) in base 10?
-1836
bd (base 15) to base 2
10110010
3264 (base 7) to base 16
495
Convert 65 (base 7) to base 2.
101111
What is -1108 (base 10) in base 14?
-592
What is -2113 (base 9) in base 7?
-4344
Convert -462 (base 10) to base 5.
-3322
What is -24110 (base 6) in base 9?
-4716
19332 (base 10) to base 6
225300
Convert 10365 (base 10) to base 7.
42135
41403 (base 6) to base 7
22113
What is -2dd5 (base 15) in base 13?
-4658
Convert 326 (base 7) to base 6.
435
What is 5437 (base 8) in base 15?
c9c
What is 8687 (base 14) in base 15?
6d4c
Convert -13779 (base 10) to base 4.
-3113103
28e8 (base 16) to base 10
10472
-33204 (base 5) to base 12
-1400
11111101001 (base 2) to base 16
7e9
What is -1020411 (base 5) in base 6?
-210341
Convert 3d3 (base 15) to base 5.
11443
-53c8 (base 16) to base 5
-1141243
What is 41512 (base 7) in base 4?
2133121
What is 3110 (base 5) i